-2
Let q(k) = 3*k**2 + 3*k + 2*k**2 - 8 + 9 - 4*k**2. What is q(-3)?
1
Let s(g) = -g**2 + 7*g - 6. Suppose 4*x - 264 = -4*z, 0*x + 2*x + 4 = 0. Suppose 3*d + 5 + 7 = 0, 0 = b - 5*d + 10. Let t be (z/85)/((-4)/b). Determine s(t).
0
Let b(d) = d**3 - 7*d**2 - 17*d - 3. Let l be b(9). Let k(u) = u**3 - 6*u**2 - u + 8. Give k(l).
2
Let s(x) = -x**2 + 68*x - x**2 - 65*x. Let o be 2/4*(-3 + 5). Suppose -2*a + 5 - o = 0. What is s(a)?
-2
Let m(j) = j + 3. Let i be m(7). Let u(y) = -14*y - 1 + i*y + 6*y - y**2. Let v = 4 - 0. Give u(v).
-9
Let m(f) be the first derivative of f**4/4 + f**3 - 2*f**2 + 4*f - 1. Suppose -5*v - 60 = -10*v. Suppose 2*r + 10 = z, 5*r + z = -3*z - v. Calculate m(r).
4
Let f = -254 + 248. Let r(a) = 3*a + 3. Let b(z) = z. Let k(w) = -2*b(w) + r(w). What is k(f)?
-3
Let n = -22 - -25. Let z(o) = 2*o - 5*o + 6*o**2 - n*o + o**3 - 3 - 4. Give z(-7).
-14
Suppose -78 = 4*a - 7*a. Suppose -2*f + f = a. Let n = -32 - f. Let x(m) = m**3 + 6*m**2 + m + 6. Calculate x(n).
0
Let v be (-3)/6 - (-1)/((-8)/36). Let o(y) = 7*y**2 - 10*y - 1. Let q(x) = 3*x**2 - 5*x - 1. Let p(k) = 4*o(k) - 9*q(k). Determine p(v).
5
Let b(p) = -p + 7. Let x be 8/(-5)*(-40)/16. Calculate b(x).
3
Let t = -19 + 19. Suppose -3*m - 3*z = m + 15, 5*m + 3*z + 18 = t. Let o(u) = -u - 7. Calculate o(m).
-4
Let s = -5 - -8. Suppose -44 = -s*y + 16. Suppose 5*r - y = -0. Let v(i) = -i**3 + 5*i**2 - 3*i - 5. What is v(r)?
-1
Let h(k) be the first derivative of k**2 + 19*k + 94. Determine h(-13).
-7
Let t(j) be the first derivative of 7*j**2/2 - 1. Let u be (2 + -1)*(1 + 5)/(-6). Give t(u).
-7
Let j(q) be the second derivative of q**2 - 1/12*q**4 + q**3 - 5*q + 0. Suppose 3*z - 9 = -m, -4*m - 4*z - 2 = -5*m. Calculate j(m).
2
Let d(i) = -i**2 - 2*i + 1. Suppose -2*c + 15 = -7*c. Let x(k) = k**3 + 4*k**2 + 3*k - 3. Let b be x(c). Give d(b).
-2
Suppose r = 25 - 23. Suppose 2*m = -3*b - r*m, -4*b = 3*m - 7. Let h(n) = n**2 + n + 2. Give h(b).
22
Let q(z) = -11*z - 1. Let x be q(-1). Suppose -5*m - x = 0, 5*f - 5*m - 1 = 4. Let s(t) = -4*t**3 + 2*t**2 + t. Let h be s(f). Let v(w) = w - 6. What is v(h)?
-1
Let g(n) = n. Let f(d) = 2*d + 2. Let c(p) = -f(p) + 3*g(p). Suppose 10*l = 3*l + 28. Suppose 0 = v + 2*t + 9, -l*t - 30 = 4*v - 2*t. What is c(v)?
-9
Let q(x) = 31*x - 25. Let a(g) = 6*g - 5. Let w(k) = -11*a(k) + 2*q(k). Let v(c) = c**2 - 3*c - 14. Let o be 4/14 - (-240)/42. Let u be v(o). Calculate w(u).
-11
Let o(d) = -d**3 - 8*d**2 - 10*d + 3. Let b be (-4 + 2)*(196/(-8))/7. Let a be (0 - -1)/((-1)/b). Calculate o(a).
24
Let u(j) = -j**3 - 5*j**2 - 2*j + 3. Let a(v) = v**2 - 12*v - 20. Let b be a(14). Suppose 22 - 2 = -5*t - 5*w, -2*t - b = 5*w. Calculate u(t).
-5
Let g(o) be the third derivative of o**7/2520 + o**6/144 - o**5/12 + 14*o**2. Let l(y) be the third derivative of g(y). What is l(-6)?
-7
Let s(f) be the first derivative of f**4/4 - 5*f**3/3 - f**2 + 4*f + 44. Let r be (2 - 0) + 1 + 1. Let p be 1/(-2) - (-22)/r. What is s(p)?
-6
Let t(p) = 16 + 32*p + 29*p - 7 + 26*p - 93*p. Give t(7).
-33
Let c(v) = -v + 7. Let n be (-2)/(-5)*50/20. Let g be n*((-2)/11 - 171/(-33)). What is c(g)?
2
Let z(y) = -y + 2. Let r be -3 + 1*(4 + 5). Suppose r*j - 8 = 46. Calculate z(j).
-7
Let s(z) = -4*z**2 + 2*z - 7. Let c be -2*-1*(0 + (-4)/(-8)). Let j(a) = -a**3 + a**2 - 1. Let o(q) = c*s(q) - j(q). Determine o(5).
4
Let j(d) = 12*d + 15 - 11 - d**2 - d**2 + 3*d**2. Determine j(-12).
4
Let d(o) = -o**3 + 15*o**2 - 34*o - 18. Let b be d(12). Let v(c) = -c**3 + 7*c**2 - 5*c - 8. What is v(b)?
-2
Let r(c) be the first derivative of -c**4/4 + c**3 + 2*c**2 - 7*c + 167. Determine r(3).
5
Let g(m) = 90 - 274 + 91 + 89 - 5*m. What is g(-8)?
36
Let r(n) = -5*n - 1. Let i(p) = -7*p - 1. Suppose 0 = 18*f - 20*f + 16. Let v(h) = f*r(h) - 5*i(h). Give v(3).
-18
Let q(a) = -a - 8. Let c(u) = -u + 1. Let l be c(9). Let p be q(l). Let s(t) = -4 + p*t + t + t. Determine s(-5).
-14
Let h(b) be the second derivative of -11*b**4/6 - b**2/2 + 4*b + 8. What is h(-1)?
-23
Let w be 1/2 + (-2)/4. Let s be -10 - (w/2 + -4). Let k(d) = -d + 5. Determine k(s).
11
Suppose -i + 0*i - 14 = 3*m, -m - 3 = 2*i. Let w(r) be the first derivative of -2*r**4 - r**3/3 + r - 31. What is w(i)?
-8
Let c(x) = 7*x + 3. Let m(d) = 45*d - 35*d + 6 - 2. Let j(k) = -7*c(k) + 5*m(k). Determine j(0).
-1
Let x(k) = -2*k**3 - 12*k**2 - 18*k + 3. Let z be x(-3). Let p(m) = m**3 + m**2 - 2. Calculate p(z).
34
Let l(p) be the first derivative of -p**3/3 + 3*p**2/2 - 4*p - 161. Give l(4).
-8
Suppose 14 = 5*s - h, 5*h + 7 = s + 3*s. Let l(y) = 2*y**3 - y**2 + 4 + 2*y + y**2 - s*y**3 + 4*y**2. Let a = -8 - -13. Determine l(a).
-11
Let g(b) = -b**2 - b - 6 - 4*b**2 + 0*b**2 - 4*b + b**3. Calculate g(6).
0
Let f(p) = -p - 1 + 3*p - 21*p**3 - 3*p. Let v(d) = -7*d**2 - 324*d - 93. Let u be v(-46). Determine f(u).
21
Let k(n) = -8*n - 135. Let u(i) = 5*i + 89. Let d(c) = -5*k(c) - 7*u(c). Calculate d(-12).
-8
Let s(i) = i**2 + 6*i. Let z be -6 + 3 + (-1 + 13)*-2. Let d be (4/(-8))/(2/36). Let q be 6/z + 52/d. Determine s(q).
0
Let v(p) = -p**2 + 7*p + 3. Let k be 12/(-14)*(-1 + -9 - -3). Determine v(k).
9
Suppose 0 = s + 2*s - 15. Let o(v) = 9*v - 45. Let x(t) = 4*t - 19. Let n(b) = -3*o(b) + 7*x(b). Calculate n(s).
7
Let r(w) = 3*w**2 - w - 2. Let o(z) = z**3 + 4*z**2 - 7*z - 12. Let d be o(-5). Determine r(d).
12
Let s(j) = -2*j - 12. Suppose 25 = -4*k + 7*d - 6*d, 3*k = 3*d - 21. Give s(k).
0
Let m(y) be the second derivative of -y**5/60 - y**4/6 - y**3 - 3*y**2 + 9*y. Let o(v) be the first derivative of m(v). Calculate o(-4).
-6
Let m(d) be the second derivative of d**3 + 9*d**2/2 - d - 10. Give m(-6).
-27
Let q = -102 - -103. Let k(s) = q - 2*s + s - 7*s + 4*s. Give k(-3).
13
Let z(v) be the second derivative of -v**5/60 + 5*v**3/6 + 10*v. Let c(t) be the second derivative of z(t). Let a(d) = -d - 2. Let x be a(0). What is c(x)?
4
Let h(s) = 0 - 1 + 3*s + 3 + 2*s**2 - s**2. Let q be h(-3). Suppose -r - q = -0. Let w(a) = -a**2 - a + 2. Determine w(r).
0
Let z(x) = 9*x + 13. Let b(c) = 4*c + 6. Let l(w) = -7*b(w) + 3*z(w). Let f be (2/(-9))/((-52)/1170). Calculate l(f).
-8
Let r be 4 - (-1 - -1) - 0. Let f(s) be the first derivative of -s**4/8 + s**3 - 5*s**2 + 7. Let z(g) be the second derivative of f(g). What is z(r)?
-6
Suppose 4*f - 5*c + 11 = 0, -3*f + 5*f + 5*c = -13. Let y(d) = -2*d + 0*d - 5 + 5*d + d**2. What is y(f)?
-1
Let j be (0 - -9)/3 + -3. Let n(q) = j + 3 + 6*q - 2 + 0. Suppose -4*m - 2*g + 23 = g, -2 = 4*m - 2*g. Give n(m).
13
Let h(i) = 4 + 2 + 0 - 3*i - 5. Let v be h(2). Let f(t) = -3*t**3 - 4*t + 2*t**3 + 779*t**2 - 1 - 785*t**2. Calculate f(v).
-6
Let j(a) = 3*a - 9. Let f be j(9). Let k = f + -11. Let o(m) = m**2 - 5*m - 5. Calculate o(k).
9
Let w(g) = -g**3 - 6*g**2 + g. Let c(k) = -2*k**3 - 9*k**2 - k + 18. Let v be c(-3). Give w(v).
-6
Let k = 11 + -18. Suppose -2*r = -3*r - c + 5, -4*c = 5*r - 22. Let h(v) = -5 + v**r + 2*v + 6*v - 2*v. What is h(k)?
2
Let h(m) be the first derivative of -17 + 3*m - 3/2*m**2. Determine h(-5).
18
Let u = 26 - 15. Suppose -3*f + b + 15 = 0, 3*f - 4 = 2*b + u. Let c(x) = -4*x - 5*x + f*x - x. What is c(-2)?
10
Let r(c) = 24*c + 16. Let f(q) = 7*q + 5. Let i(g) = -21*f(g) + 6*r(g). Give i(6).
-27
Let l(f) = -f**2 + 58*f + 245. Let j be l(62). Let s(t) = t**3 + 4*t**2 + t + 3. Calculate s(j).
9
Let r(h) = 5*h + 2. Let y be (-3 - -7)*(-18)/(-8). Suppose -q = 2*g - y, 2*g + 18 = g + 4*q. Give r(g).
12
Let z(w) = w**2 + 5 - w**3 - 212*w - 2*w**2 + 215*w + 10*w**3. Suppose -31 - 4 = -5*u. Let k(l) = -4*l**3 + l**2 - l - 3. Let y(c) = u*k(c) + 3*z(c). Give y(4).
2
Let f(u) = 6*u**3 - 2*u**2 + u. Let o be f(1). Let t(n) be the third derivative of -n**5/60 + 7*n**4/24 - n**3 - 3451*n**2. What is t(o)?
4
Let v(t) = t**3 - t**2 - 9*t - 6. Let r be (21 - 23)*(-5)/2. Give v(r).
49
Suppose -y + 3*y - 14 = 0. Let k(i) = -i - 1 + 3 - y - i. Calculate k(-4).
3
Let o(s) = -4*s**2 + 3*s - 4. Let w(f) be the third derivative of f**5/60 + 37*f**2. Let i(a) = -o(a) - 3*w(a). Calculate i(3).
4
Let c(i) = -2*i**3 + 42*i**2 + 5*i - 110. Let r be c(21). Let w(d) = -4*d - 5. Determine w(r).
15
Let n(d) be the third derivative of -d**5/60 - d**3/6 + 4*d**2. Let p be ((-1)/(-3))/(10/150). Suppose 7 - 